4*v. Suppose 4*p - 12 = 0, v*i + 4*i + 4*p - 4 = 0. List the prime factors of (-489)/(-33) + i/(-11).
3, 5
Let a = -69 + 107. What are the prime factors of a?
2, 19
Suppose 4*x + 27 = v, 3*v + 2*x + 4 = -3*x. Let z = v - 0. List the prime factors of z.
7
Let o(q) = q**2 + 9*q + 9. Suppose 0 = 2*j + 13 + 5. List the prime factors of o(j).
3
Let n = 23 + -11. What are the prime factors of n?
2, 3
Suppose 3*w - 93 - 3 = 0. Suppose 4*h - 4*q - 160 = 0, -113 = -4*h - q + w. Suppose 13 = 5*y - h. List the prime factors of y.
2, 5
Let v(d) be the second derivative of d**4/12 - 5*d**3/6 - 2*d**2 + d. Let x(k) = -7*k**3 - k**2. Let f be x(-1). List the prime factors of v(f).
2
Suppose -2*p + 8 + 10 = 0. Suppose 2*a = 5*a - p. List the prime factors of a.
3
Let t be (-52)/(-14) + 2/7. What are the prime factors of (-4)/16 - (-105)/t?
2, 13
Suppose -2*j - 3*k = 69, 2*j + j + 84 = 2*k. Let c be 2/(-4) - j/4. Suppose 25 = c*z - 2*z. List the prime factors of z.
5
Suppose 2*y - 7*y - 40 = 0. Let p(r) be the third derivative of r**4/24 + 5*r**3/3 + r**2. List the prime factors of p(y).
2
Suppose 0 = -2*f + 4*f. Suppose f*r + 65 = 5*r. What are the prime factors of r?
13
Suppose 2*v = 5*v - 150. Suppose 7*j - 2*j - v = 0. What are the prime factors of j?
2, 5
Let h(j) = -j**2 - 4*j**3 + 3*j + 5*j**3 + 5 - 2*j. Suppose 9 = k - 6*k + 3*p, 4*p - 12 = 0. What are the prime factors of h(k)?
5
Let a(m) be the first derivative of m**3/3 + m**2/2 + 9*m - 3. Let n be (-1)/(-3) + 1/(-3). List the prime factors of a(n).
3
Let l = -6 + -22. What are the prime factors of 3/(-9) + l/(-3)?
3
What are the prime factors of 14/(-28) - (1 - (-215)/(-2))?
2, 53
Let h(d) = -63*d + 3. List the prime factors of h(-1).
2, 3, 11
Suppose g - 1006 = h - 6*h, 3*g + 801 = 4*h. List the prime factors of h.
3, 67
Suppose 0 = -4*a + 2*a + 4. Suppose 0 = -0*c + a*c - 6. Suppose 0 = -5*h + 4*m + 8 + 7, -c*h - 4*m + 9 = 0. List the prime factors of h.
3
Let j be 1/(-1) + 19 + 1. Let n = -16 + j. List the prime factors of n.
3
Let c(u) = 20*u**2 - 48. Let a(v) = 7*v**2 - 16. Let p = 13 - 19. Let z(r) = p*c(r) + 17*a(r). List the prime factors of z(0).
2
Let w = -79 - -119. List the prime factors of w.
2, 5
Let r(g) = -g**3 - 2*g**2 + 6*g + 3. Let s(p) = p**3 + 3*p**2 - 5*p - 3. Let u(a) = 4*r(a) + 5*s(a). What are the prime factors of u(-7)?
2
Let q = 19 - -95. What are the prime factors of q?
2, 3, 19
Let j be 10/3*6/5. Let p be -2*(-3)/(j + 2). Suppose p + 3 = 2*x. What are the prime factors of x?
2
Suppose 3*w + 4*i = 125, 5*w + 3*i = 184 + 28. What are the prime factors of w?
43
Let h = 404 - 48. Let s = -512 + h. What are the prime factors of s/(-7) - (-2)/(-7)?
2, 11
List the prime factors of (-780)/50*1/(4/(-10)).
3, 13
Let n = -8 + 11. Let x = n - -4. Suppose -3*o + x*o - 28 = 0. What are the prime factors of o?
7
Let h(g) = -g**2 - 7*g + 1. Let q be h(-6). Let k(c) be the first derivative of c**4/4 - 7*c**3/3 + c**2/2 - 2*c - 4. What are the prime factors of k(q)?
5
Suppose -t - t - 170 = -4*r, 5*r + 2*t - 235 = 0. What are the prime factors of r?
3, 5
Let s = -29 - 0. Let r = -15 - s. List the prime factors of r.
2, 7
Suppose 2*b + 40 = 4*n, -b + 66 = 5*n + 16. List the prime factors of n.
2, 5
Let t be 4/((-20)/(-3))*-5. Let g(m) = -m**3 - m**2 + 1. List the prime factors of g(t).
19
Let f = -69 + 97. List the prime factors of f/3*3/2.
2, 7
Let d(l) = l + 5. Let m be d(-5). Suppose 2*h - 4*x - 6 = -m*h, 8 = 2*h - 3*x. Let u = h - 4. What are the prime factors of u?
3
Suppose 46 = -5*w + 4*c, c = 5*w + 6*c + 10. Let n(b) = -4*b + 1. List the prime factors of n(w).
5
Suppose 4*g + 2*k - 1 - 17 = 0, 0 = 5*g + k - 24. Let p(i) = -i**3 + 6*i**2 + i + 3. List the prime factors of p(g).
3, 11
Suppose -b - 1 = 0, 5*t + 0*b = 4*b + 34. Suppose -5*g + 7 + 10 = y, -3*y - t = -4*g. Suppose g*q - 34 = 23. List the prime factors of q.
19
Let t be 723/12 + (-1)/4. Suppose -3*w - 2*w = -t. What are the prime factors of w?
2, 3
What are the prime factors of ((-528)/(1 + -4))/(0 + 1)?
2, 11
Let c(x) = -x + 6. Let w(o) = o**3 + 5*o**2 + 2*o - 5. Let q be w(-4). Suppose 2*p = q*h - 15 + 5, 5*p - 4*h + 32 = 0. List the prime factors of c(p).
2, 7
Let s = 12 + -7. Let q = -3 + s. What are the prime factors of (-4)/8 + 15/q?
7
Suppose -2*f + 1 + 13 = 0. What are the prime factors of 2/f + 264/7?
2, 19
Let w be (15/10)/(6/4). Let y(j) = 3*j**2 - j + 1. Let r be y(w). Let n(h) = 3*h + 4. What are the prime factors of n(r)?
13
Let m(h) = -h**2 - 3*h - 5. Let w be m(-5). Suppose 3*y + 4*j - 16 = 58, -2*y + 54 = 5*j. Let g = y + w. List the prime factors of g.
7
Suppose -3*x + 13 - 4 = 0. Suppose -x*c + c + 10 = 0. What are the prime factors of c?
5
Let y(m) be the second derivative of -m**3/6 - m**2/2 - m. What are the prime factors of y(-5)?
2
Suppose 0*o = 2*o - 16. List the prime factors of o.
2
List the prime factors of 2 - 1/(4/(-208)).
2, 3
Suppose 4*m - 4*c = 184, 3*c = -m + 48 + 2. Suppose 4*v - 19 - m = 5*r, -22 = -v + 4*r. What are the prime factors of v?
2, 7
Let w(v) be the third derivative of v**5/60 + 5*v**4/24 + 2*v**3/3 - 9*v**2. Let d = -16 + 10. What are the prime factors of w(d)?
2, 5
Let y be (2 - -14)/((-4)/10). Let h be ((-24)/20)/(3/y). List the prime factors of (h - 2) + 4 + -5.
13
Let n be (-4)/6 + 60/9. Let m(d) = d + 6. List the prime factors of m(n).
2, 3
Suppose -4*g = 2*p + 4, -4*p + 2 = g + 2*g. Let f = p + -3. Let b = 5 + f. List the prime factors of b.
2
Let d be (-16)/10 + 12/20. What are the prime factors of (-12 - (-1 + -1))*d?
2, 5
Suppose 4*v + 0*v = 12. Suppose 38 + 16 = v*w. Suppose -b + w = b - x, 0 = b - x - 7. List the prime factors of b.
11
Suppose 5*i - 3*m - 185 = 0, 145 = 4*i - 5*m + 10. Suppose -2*z + i = -0*z. What are the prime factors of z?
2, 5
Suppose 2*h = -a + 4, -4*a + a = h - 32. Let t = a - 10. List the prime factors of t.
2
Let v = -126 + 235. List the prime factors of v.
109
Let c be (-1 - (3 + -1)) + 139. List the prime factors of c/12 + (-1)/3.
11
Let r be -1 - 38/(1/(-1)). Suppose 2*w + 0*w + 3 = p, -r = -3*p - w. Let t = p + -6. List the prime factors of t.
5
Let r(o) = -o**3 + 2*o**2 + o + 2. Let w be r(2). Suppose -2*q - 62 = -5*s, 0 = 2*s + w*q - 13 - 7. What are the prime factors of s?
2, 3
Let o(t) = -t - 2. Let q be o(0). Suppose 4*n = -3*h + 5*h + 10, -5*n + 8 = -4*h. List the prime factors of (q/n)/(2/(-80)).
2, 5
Suppose 12*k = 2519 + 1477. What are the prime factors of k?
3, 37
Suppose 5*k - 235 = -35. What are the prime factors of k?
2, 5
Let n = 46 + 1. Let u = 1 + 4. Suppose -u*q = -b + 2*b - n, 5*q = 5*b + 35. What are the prime factors of q?
3
Let p(j) = 84*j. List the prime factors of p(1).
2, 3, 7
Let a(f) = -f**2 + 5*f - 2. Let b be a(4). Let r(u) = 4*u - 2. List the prime factors of r(b).
2, 3
Let i = 25 + -10. Suppose 0*q = 3*q - i. What are the prime factors of q?
5
Suppose 2*b - 5*s = -0*s + 169, 2*b - 165 = s. List the prime factors of b.
2, 41
Suppose -53 = -3*k - 2. Let g = k + -10. List the prime factors of g.
7
What are the prime factors of (-305)/(-15) + 2/(-6)?
2, 5
Let k = 13 + -4. Suppose -26 = -5*b + k. What are the prime factors of b?
7
Let q be 0 + 0 + 2 + 2. Suppose -49 = -q*n + 23. List the prime factors of n.
2, 3
Suppose -3*p + 3*j = -j - 84, 3*p - 2*j = 90. What are the prime factors of p?
2
Let i = -21 - -29. Let r(a) = -a + 18. Let f(j) = 1. Let p(l) = -f(l) + r(l). What are the prime factors of p(i)?
3
Suppose -2*i - 43 + 281 = 0. Let y = i + -72. What are the prime factors of y?
47
Suppose 0 = -0*m - 8*m + 328. What are the prime factors of m?
41
Suppose 2*h - 4*z = -8, h + 4*z + 0 = 8. Suppose 2*k + h*k = 16. What are the prime factors of k?
2
Suppose -9 = 2*t - 5*t. Suppose 0 = -0*h - t*h. Suppose h = 4*c - 8, -16 - 2 = -4*v - 5*c. List the prime factors of v.
2
Suppose d = -4*d - 260. Let f = -37 - d. List the prime factors of f.
3, 5
Let v(q) = -2 + 0 - q**2 + 4*q - 2. Let r be v(3). Let x = 3 + r. What are the prime factors of x?
2
Suppose 0*p = -4*p + 40. Let h = p - 7. List the prime factors of h.
3
Let x(s) = -s + 8. Let b be x(4). Suppose -r - 27 = -3*n, -n + 18 = n - b*r. What are the prime factors of n?
3
Let c(i) = -4*i**3 - i**2 - 4. Let v(p) = -9*p**3 - p**2 - p - 9. Let s(b) = 7*c(b) -